- 4*i, -i = -3*y + 55. Let k(q) = q - 10. Calculate k(y).
6
Suppose o = -3*s - 4, -3*s = -2*o - 11 + 3. Let v(p) be the first derivative of -p**4/4 - 2*p**3/3 + 3*p**2/2 + 4*p - 267. Give v(o).
24
Suppose -54*l - 77 = -65*l. Let x(n) = n**2 - 7*n - 9. Let y be x(l). Let h(v) be the second derivative of v**4/12 + 4*v**3/3 - 11*v**2/2 + v. Give h(y).
-2
Let y(c) = -c + 3. Let h be 15/(-20)*(108 + 0). Let i = h + 37. Let b = -38 - i. Determine y(b).
-3
Let x(j) = -192*j**2 + 9*j + 46*j**2 + 51*j**2 + 5 + 49*j**2 + 47*j**2. Let d be -6 - -2 - (-8)/(-4). What is x(d)?
-13
Let r(z) be the third derivative of -z**5/60 - 3*z**4/4 - 26*z**3/3 - 261*z**2. Determine r(-15).
-7
Let h be (-112)/24*333/6. Let q = h + 253. Let b(g) = -2*g - 9. What is b(q)?
3
Let k(p) = p**2 + 23*p + 26. Suppose -20*n - 66 = -17*n. Let w be k(n). Let t be 21/((-9)/(-12)*w). Let d(i) = i**3 - 6*i**2 - 10*i + 5. What is d(t)?
-16
Let b(z) = 35*z + 19. Let y(c) = 26*c + 21. Let t(k) = -3*b(k) + 4*y(k). Determine t(-10).
37
Let q(l) = -l**3 + 1. Let s(k) = -3*k**3 + k**2 - 2*k + 5. Let a(b) = -4*q(b) + s(b). Let o(u) = u**3 - 8*u - 5. Let r be o(-5). Let m = r - -92. Give a(m).
9
Let i(s) = -4*s**3 + 3*s**2 + 2*s - 1. Let p = 1765 + -1767. Give i(p).
39
Let f(p) be the first derivative of -2*p**2 + 22*p - 131. Determine f(4).
6
Let i(n) = 7*n - 211. Suppose -x = -14*x + 403. Let y be i(x). Let t(p) = -9*p + 9. What is t(y)?
-45
Suppose 2*h - 54 = 5*h. Let y be (60/h)/(2/(-3)). Suppose -y*p - 1 = 9. Let g(z) = z - 2. Give g(p).
-4
Let l(w) = w**2 - 2*w - 1. Suppose 11*a = 6*a + 75. Suppose -2*h = a + 1. Let s be h/((-2)/(-11) + 240/(-110)). Give l(s).
7
Let u = 477 - 529. Let x = u + 55. Let s(i) = 2*i + 7. Determine s(x).
13
Suppose 13*k - 172 = 114. Let b(w) = 3 - 6*w**2 + 20*w - w**3 - 3*w + k*w**2 - 7. Give b(17).
-4
Let u(g) = 44*g + 332. Let l be u(-7). Let j(y) = y**3 - 23*y**2 - 24*y - 1. Let n be j(l). Let w(s) = -11*s**3 - s**2 - s. Determine w(n).
11
Let u(s) = -s**2 + 416*s + 5. Let x be u(0). Let p(q) be the second derivative of 0 + 2*q**2 - 4/3*q**3 + 16*q - 1/20*q**x + 7/12*q**4. What is p(5)?
14
Let o(s) = -s**2 - 2*s. Let t be 16*(1 - (-8)/(-16)). Suppose 9*g + 26 - t = 0. What is o(g)?
0
Let k = -5 - -12. Let n(i) = 6*i - 6 + 396*i**2 + 392*i**2 - 789*i**2 + 2. Let c(b) = -b**2 + 6*b - 4. Let a(v) = 5*c(v) - 6*n(v). Give a(k).
11
Let n = -75 - -78. Suppose 2*a = -5*s + 24, -3*a - 2*s + 6 = -8. Let i(d) = -15*d**2 + 4*d**2 + 3 - n*d + 10*d**a. Calculate i(-5).
-7
Let l(y) = -1258*y**2 + 1 + 628*y**2 + 0 + 7*y + 629*y**2. Let c(h) = -h**2 - 6*h - 1. Let g be -2*((-1)/2 - -2). Let w be c(g). Determine l(w).
-7
Let j(p) = 4*p**3 + 11*p**2 + 14*p - 9. Let a(h) = -3*h**3 - 10*h**2 - 13*h + 7. Let y(r) = -3*a(r) - 2*j(r). What is y(-6)?
3
Let v(b) = b**2 - 75*b + 1271. Let h be v(49). Let z(c) = c**3 + 11*c**2 + 17*c. Calculate z(h).
21
Let d(v) = 16*v + 68 - 40*v + 10*v + 4*v. What is d(6)?
8
Let f(c) = 2*c**3 + 10*c**2 + 3*c + 14. Suppose 241*u - 61 + 181 = 217*u. Calculate f(u).
-1
Let y(u) = -3*u**2 + 136*u - 1345. Let z be y(15). Let r(j) = -j**3 + 19*j**2 + 16*j + 95. Determine r(z).
15
Let s(b) be the second derivative of b**4/6 - 37*b**3/6 + 7*b**2 + b + 430. Determine s(18).
-4
Let k(a) be the third derivative of 5/24*a**4 + 1/60*a**5 + 0 + a - 2*a**2 - 1/6*a**3. Give k(-4).
-5
Let s(g) = g**2 - g + 2. Let x(i) = 2*i**2 - 3*i + 1. Let m(b) = -3*s(b) + 2*x(b). Let w be m(-2). Let r(o) = -o**2 + 5*o - 9. What is r(w)?
-15
Suppose -2*o - 48 = 10*o. Let y(j) = -4*j**2 + 2*j + 1. Determine y(o).
-71
Let i(d) = -12*d**3 - 2*d**2 + 1. Suppose 3*o = 3*k - 4*k + 313, -5*k = -4*o - 1603. Let q = k + -318. Determine i(q).
-13
Let c(i) be the second derivative of 5*i**3/3 + i**2/2 + 2*i. Let w be (3 - 26/9)*((-144)/(-9) + -7). Calculate c(w).
11
Let o(n) = n**2 - 9*n + 14. Let m(a) = -2*a**3 + 16*a**2 + 39*a + 13. Let k be m(10). Determine o(k).
-4
Let z(j) = -8*j + 22. Let k(n) = 3*n + 5. Let c(s) = -3*k(s) - z(s). Give c(0).
-37
Suppose -128 = 2205*c - 2141*c. Let w(t) = 11*t**3 + 7*t**2 + 2*t + 2. Calculate w(c).
-62
Let z(i) be the second derivative of i**5/20 + i**4/2 - i**3/3 - 25*i**2/2 - 41*i - 8. What is z(-6)?
-13
Suppose -12*o + 8*o - 4*d + 8 = 0, -2*o + d + 10 = 0. Suppose -6*j + o*j = 5*u - 21, 5*j - 6 = 3*u. Let f(s) = s**3 - s**2 - 6*s + 7. What is f(j)?
7
Let b(t) = 25*t - 456. Let q(n) = 12*n - 276. Let f(y) = 3*b(y) - 5*q(y). Give f(-6).
-78
Let u(k) = k**2 + k - 7. Let m(v) = v**2 + 13*v + 42. Suppose -9*x = -2*x + 42. Let b be m(x). Determine u(b).
-7
Let m(d) = 2*d - 3. Let x be m(5). Let z(i) be the third derivative of 126*i**2 + 0 + 0*i + 1/24*i**4 - 7/6*i**3. Determine z(x).
0
Let l(f) = -f**2 + 11*f - 12. Let u(c) = c**3 + 38*c**2 - c - 29. Let k be (-152)/10*30/12. Let v be u(k). Determine l(v).
6
Let s(a) = a**2 + 3*a + 2. Let d be s(-2). Let x(b) be the first derivative of -b**3/3 - b**2/2 + 11*b - 19021. Determine x(d).
11
Let p(k) = -5*k + 3 - 2 + 4*k. Let a be 2/(-4) - (-122)/4. Suppose 2*m = 4*y + a, -y + 4*m = -6*y - 31. What is p(y)?
8
Let b(k) = 4*k - 23. Let w = -2465 + 2470. Calculate b(w).
-3
Let g(c) = 2*c - 20096 + 10058 + 10072 - c**2. Calculate g(5).
19
Let n(f) be the first derivative of f**4/4 - 20*f**3/3 + 10*f**2 - 26*f - 497. What is n(19)?
-7
Let f(x) = 52*x + 18 - 16*x - 43*x - 4. Determine f(0).
14
Let x(d) = 4*d**3 - d + 2. Let p be x(-2). Let z = -30 - p. Let i(t) = -10*t - 6. Let r(b) = 3*b + 2. Let f(y) = z*i(y) - 7*r(y). What is f(-6)?
4
Let b(c) = -3*c**3 - 25*c**2 + 42*c + 20. Let s(p) = -2*p**3 - 17*p**2 + 26*p + 14. Let d(n) = -5*b(n) + 7*s(n). Give d(-9).
7
Let t = 29 + -50. Let u(q) = q**2 + 14 - 1 + 55*q - 3*q + 46 - 28*q. Let c be u(t). Let x(n) = 2*n + 5. Calculate x(c).
-3
Let c be (-12)/7*252/54. Let h(o) = o**3 + 5*o + 9*o - o - 5*o + 9*o**2. What is h(c)?
0
Suppose 68 = -7*v + 9*v. Suppose 4*c - 42 = -v. Let b(p) = 2*p**3 - p**2 - 2*p + 1. Let q be b(c). Let n(r) = r - 6. What is n(q)?
3
Let z(c) = -c**2 - 3*c - 5. Suppose 220 = 6*l + 4*l. Suppose 0 = -5*y + 3*t + 36 + 26, y - 3*t - l = 0. Let b = -14 + y. Determine z(b).
-9
Let a = -7 - -10. Suppose a*f + 2 = 23. Let m(z) be the third derivative of -z**4/12 + 2*z**3/3 + 5*z**2 - 3. What is m(f)?
-10
Let s(n) = 10 + 99*n + 78*n - 272*n + 96*n. Give s(8).
18
Let z(k) be the third derivative of 3*k**4/8 + 129*k**2 + 8*k + 2. Suppose -3*d = -0 + 3. Calculate z(d).
-9
Let k(n) be the second derivative of n**5/60 + 5*n**4/12 - n**3/6 + 77*n**2/2 + 2*n + 31. Let q(r) be the first derivative of k(r). Calculate q(-11).
10
Let c(n) = -5*n - 1 + 3*n**2 - 2*n**2 + 13*n. Let k be (-14 + 6)/((-3)/(2 + -5)). Calculate c(k).
-1
Let j = 13295 + -13299. Let i(d) = -1 + 6*d - d + 0*d. What is i(j)?
-21
Let c(j) be the first derivative of -11*j**2/2 - 31*j - 1459. What is c(-5)?
24
Let d(n) = -2*n**2 + 32*n + 4. Let k(b) = -7*b**2 + 97*b + 14. Let o(g) = 13*d(g) - 4*k(g). What is o(-14)?
-4
Let s(u) = 2*u**3 + u - 1. Let i(j) = 5*j**2 - 3*j**3 + 3*j - 1368 + 11*j**3 + 1364 + j**3. Let p(k) = i(k) - 4*s(k). Calculate p(-5).
5
Let f be 1688/(-16)*4/2. Let m = f + 204. Let a(y) = 5*y**2 + 18 - 4*y**2 + 3*y - 20 + 3*y. Calculate a(m).
5
Let g(a) = -2*a**2 - 9*a - 48. Let x be g(11). Let t = -387 - x. Let w(i) = 3*i**3 - 3*i**2 + 1. What is w(t)?
13
Let r(y) = y**2 - 12*y + 1. Let x = 1655 + -1649. Suppose 5*t = -0*t + 10. Suppose 0*f = -k + t*f + x, k - 5*f = -3. Give r(k).
1
Let b(i) = -6*i**2 + 35*i - 4*i**2 - 11*i**2 + 31 + 24*i**2. Let m be b(-14). Let z(h) = -6*h + m - 126 + 3*h**2 - 2*h**2 + 0*h**2. Give z(4).
-5
Suppose 76*z - 93*z = -1513. Let b(u) = 33*u - z*u + 1 + 33*u + 0 + 24*u. Determine b(-3).
-2
Let w(o) = o**2 - 8*o - 1. Let k(r) = 6*r + 43. Let s = -623 + 617. Let v be k(s). Calculate w(v).
-8
Let d(h) = -h**3 + 3*h**2 - h + 1. Let f = -5158 - -5160. Give d(f).
3
Suppose -134*f + 2066 = -132*f. Let z = f + -1028. Let t(g) = -1 - 4 - 2 + 3*g. Calculate t(z).
8
Let i(u) = -117 + 379 - 3*u - 101 - 132 + u. Calculate i(4).
21
Let q = 173 + -170. Suppose -5 = 2*p + i + 4*i, 2*i = q*p + 36. Let t(c) = -c**2 - 9*c + 7. Determine t(p).
-3
Let m(o) be the second derivative of 2*o**4 - o**3/6 + 59*o - 1. Suppose 2*y - 3 = 7. Suppose y*r - 4*j = -17, 5*r - 2*j + 8 +